 Is b a composite number?
False
Suppose 5*j = -16 + 1. Let f be ((-5)/(-3))/((-1)/j). Suppose -2*p - 941 = -7*p + 4*b, -f*b = 20. Is p prime?
False
Is (-39012)/(-9)*(6 - 18/4) prime?
False
Let h = 689 + 5264. Is h prime?
True
Suppose -5*x = 5*p - 65810, -2*x - 11658 = -2*p - 37970. Is x prime?
True
Let y(v) = -90*v - 1. Let s(k) = k**2 + 14*k - 17. Let w be s(-13). Let q = 29 + w. Is y(q) composite?
False
Suppose 4*q + 2 = 10. Let w be (-2)/q*(-1 + 5). Is w/16 - 375/(-12) a prime number?
True
Suppose -r + 3*s = -19 - 906, -5*r + 4720 = 4*s. Suppose 4*p - 3*a = 1555 + r, -3*p + 5*a = -1874. Is p a composite number?
True
Suppose -q + 2*q + z = -1, q + 2*z = 0. Let r be -3153 - 3/(-2)*q. Is 2/7 + r/(-28) composite?
False
Let k be -3 - ((-3)/4)/(5/(-240)). Is ((-13)/k)/((-1)/(-1671)) composite?
False
Let c(y) = 40*y**2 - 13*y + 17. Let u be c(-7). Suppose 4*p - u = 4176. Is p a prime number?
False
Suppose 5*u = 2*r - 5*r - 34, -2*u - 46 = 3*r. Let b = r + 23. Suppose -9*o = -b*o - 364. Is o prime?
False
Let y = 18495 + -12147. Is (y/9 + 2)/((-2)/(-3)) a composite number?
False
Let x(q) = -2*q - 8. Let d be x(-9). Let i(a) = 11*a**2 + 2*a - 9 + a - a**3 + 0*a. Is i(d) composite?
True
Let i(p) = -p**2 + 1. Let y(f) = 110*f**2 - 2*f + 5. Suppose -3*k + 2*b - 3*b = -3, 3*b = -5*k + 5. Let h(a) = k*y(a) - 3*i(a). Is h(1) prime?
True
Suppose 70*f - 60*f - 18650 = 0. Is f a composite number?
True
Let w = -4176 - -9967. Is w composite?
False
Let d = -640 + 1593. Is d composite?
False
Let j(s) = s**3 - 22*s**2 - 5*s + 7. Is j(29) composite?
False
Let q(z) = 46*z**2 + 15*z - 33. Is q(7) a composite number?
True
Suppose -5*m + 175 + 680 = 0. Let f = -8 + m. Is f composite?
False
Let y be (1*(-6)/4)/((-9)/(-18)). Is y/9 + (-11)/((-99)/3774) composite?
False
Suppose -k + 34*n + 40619 = 39*n, -5*k + 5*n = -203035. Is k prime?
True
Suppose -5*s - 2*p = -214, 3*s - 6*s + 129 = p. Suppose 5*g + 1 = -s. Is (-116)/(-12) - 3/g prime?
False
Suppose 0 = -10*m + 3*m - 7819. Let n = -648 - m. Is n a composite number?
True
Let w(t) = t + 4. Let z be w(-6). Let n = 834 - 1430. Is (-1)/(((-8)/n)/z) composite?
False
Let o = 2334 - 853. Is o prime?
True
Let p = -28 + 44. Let l(n) = n**3 - 8*n**2 + 18*n + 21. Is l(p) a composite number?
False
Suppose 0 = 5754*b - 5757*b + 4038. Is b a prime number?
False
Let q(s) = -2*s + 19. Let z be q(8). Suppose -y = -z*y + 442. Is y a prime number?
False
Suppose -7516 = -8*d + 7020. Is d prime?
False
Let f(s) = -122*s + 5. Let a(o) = 121*o - 6. Let i(y) = 5*a(y) + 6*f(y). Is i(-1) a prime number?
True
Let b = -19 + 22. Suppose -16 = -b*q + 11. Is (474/q)/(6/9) a composite number?
False
Let d(i) = -222*i + 89. Is d(-16) a composite number?
True
Let l(g) = -g**3 + 11*g**2 - 6*g + 3. Let z(m) = m - 6. Let c be z(3). Let b be ((-7)/5)/(c/15). Is l(b) prime?
True
Suppose d - 3425 = 5*z, 0 = 5*d - 2*z - 11214 - 5819. Suppose -48*q + 45*q + d = 0. Is q a prime number?
False
Let i(j) = j**2 + 6*j - 22. Let p be i(-8). Is (25036/p)/(10/(-15)) prime?
False
Suppose 18 + 12 = 5*w. Let j be (-5)/(-15) + 46/w. Is j/(-2) + 293 - -4 a composite number?
False
Suppose -11*v + 66 = -8*v. Suppose -2*y + v = -8. Is y composite?
True
Let b = -732 + 3953. Is b a prime number?
True
Is 1117/(-3)*(5 + 6 - 32) prime?
False
Let o(b) be the second derivative of -12*b**5/5 - b**3/3 - b**2/2 + 4*b. Let c be o(-1). Suppose h = -6*u + 3*u + c, 3*u + 125 = 2*h. Is h prime?
False
Suppose -8*j + 6 = -10. Suppose 3*x + 5*v = 2191, x - 3*v = -j*v + 741. Is x a composite number?
True
Let o = -327 + 530. Is o composite?
True
Let s(j) = 22380*j - 65. Is s(4) prime?
False
Suppose -14124 = -3*f - 1770. Suppose 7*x - f = 3*x + 2*u, -4*u - 2074 = -2*x. Is x a prime number?
False
Suppose -y - 39667 = -4*z + 4*y, 3*y = -2*z + 19861. Is z a composite number?
False
Suppose -226 = -z + 163. Is z a composite number?
False
Let r(s) = -3*s**3 + 6*s**2 + s - 27. Is r(-5) a composite number?
True
Let i = 4 - 4. Suppose a = -12 - i. Let h = a + 43. Is h a prime number?
True
Suppose 4*k + 6 = 2*n - 2, 0 = 2*n + 2*k + 10. Is (n/(-6))/((-6)/(-17406)) a prime number?
True
Let f = 9 - 15. Is 1 + 556/1 + (-6 - f) prime?
True
Suppose 8*m + 22654 = -16066. Let y = m - -7055. Is y a composite number?
True
Suppose s + 1237900 = 21*s. Is s composite?
True
Let i(b) = -3*b**3 - 3*b**2 - 3*b. Let m be i(-2). Let c be m/81 - (-38)/(-9). Is ((-2)/3)/(c/186) a prime number?
True
Let p = 127659 + -85690. Is p a prime number?
True
Let k = 6941 - 4010. Suppose -z = -4*z + k. Is z composite?
False
Let t = -26 + 25. Let l = t + 35. Is l composite?
True
Is ((-43698)/(-8))/(45/60) a prime number?
True
Let z(m) = 5*m**3 + m**2. Let q be z(3). Is 2/1 + (q - 3) composite?
True
Let k = 1499 + 9474. Is k prime?
True
Let l = 260 + 11237. Is l composite?
False
Is (-2 + (-9)/(-6))/((-14)/2375996) prime?
True
Suppose 8*a - 47201 = 783. Is a a composite number?
True
Suppose -16*a = -263185 + 55809. Is a a prime number?
False
Suppose 2*b - 10 = n + 25, 0 = 5*n - 15. Let d = b + -13. Is (-2)/(-4) + 759/d a prime number?
True
Let l(w) = 11 + 11*w + 246*w**2 - 247*w**2 + 3*w. Is l(12) a prime number?
False
Let o = 5 - 7. Is 4 - (-41 + 4 + o) composite?
False
Let h be (-40)/((-37)/13 + 3). Let f be (-14)/(h/(-88) - 3). Suppose 6*v - f = 2*v. Is v prime?
False
Suppose 0 = -2*r + 5*t + 62, 3*r + 13 = -t + 123. Suppose v + 4*y + r = 0, 0 = 4*y + 3 + 1. Let m = 159 + v. Is m prime?
True
Let c(k) = -24*k + 5. Let a = -35 - -23. Is c(a) a prime number?
True
Let l(f) = -f. Let p be l(3). Let t be 202*(p - (-5)/2). Is t/(-4) + 1/(-4) prime?
False
Suppose 120 = 5*k + 3*k. Let o = 19 - k. Suppose -z = -3*u - 2*u - 148, -o*z + 512 = -4*u. Is z a prime number?
False
Let f(r) be the second derivative of r**5/20 - r**4/12 - r**3 + 13*r**2/2 - r. Let u = -394 + 400. Is f(u) a composite number?
False
Let u(t) = -t**3 - 5*t**2 + 5*t - 2. Let r be u(-5). Let j = r + 31. Suppose 3*h - 364 = y, 0*y - 488 = -4*h + j*y. Is h prime?
False
Let m(x) = 4*x**2 + 3*x - 1. Let z be m(1). Let p be z/(-3) + 1*-1. Is ((-892)/6)/(2/p) composite?
False
Let k(c) = 19*c**3 - 6*c**2 - 9*c - 13. Is k(6) composite?
False
Let j(w) = w**2 - 10*w - 12. Let m be j(9). Let b = 38 + m. Suppose b*x = 15*x + 1166. Is x composite?
True
Suppose 7924 + 2470 = -2*f. Let x = -1704 - f. Is x a prime number?
False
Let i be (-3)/9 + (2 - 56/12). Let d(p) = 5 - 2 + 2 + 6*p**2 - 2*p + 6*p. Is d(i) a prime number?
True
Suppose -2 = 2*x, 3*a + 4*x - 29 - 15 = 0. Let q = 32 - a. Let d = 47 - q. Is d prime?
True
Is -3 + (-155211)/(-11) + 30/(-330) a prime number?
True
Let i = -10750 + 19783. Is i a composite number?
True
Suppose -2*b = -v - 5*b + 1125, v - 3*b - 1113 = 0. Is v a composite number?
True
Let f be 3 - -1*1/1. Suppose f*m + 128 = 892. Is m a composite number?
False
Let z be 48/3*(-102)/(-4). Let g = z + -195. Is g prime?
False
Let c = 3 - -12. Suppose -2*q = 2*h - 2648, q - c = -4*q. Let a = -692 + h. Is a a prime number?
False
Is (-9)/(-6) + (-427464)/(-48) composite?
True
Suppose n - 12065 - 687 = l, -3*n - 4*l = -38291. Is n prime?
True
Suppose -7*t - 905 = -2*t. Let k be 258 + 1 + (1 - 0). Let o = k + t. Is o composite?
False
Let y be 6/10 - 14119/(-35). Suppose 2*i = y + 26. Is i a prime number?
False
Suppose -4897 + 14359 = 6*o. Is o a prime number?
False
Suppose 4*j = i + 10, 5*i + 62 = 3*j - 5. Let s be 43/(-7) + (-2)/i. Let z(r) = 2*r**2 + 4*r - 14. Is z(s) a prime number?
False
Let p = -44 + 26. Let k be (-156)/p + (-2)/3. Is 6/k + (-4758)/(-24) a prime number?
True
Let k(g) = g**3. Let b(l) = 8*l**3 - l**2 - 3*l + 1. Let h(r) = b(r) - 2*k(r). Let u be h(2). Is 4713/u - (-2)/13 composite?
True
Let o(l) = 5*l**2 - 13*l + 134. Let x(z) = 2*z**2 - 4*z + 45. Let g(t) = -2*o(t) + 7*x(t). Is g(-20) composite?
True
Suppose 3*k - 1216 = k. Let y be k/(-2) + (12 - 15). Let a = y - -518. Is a composite?
False
Let m(n) = -n**3 - 10*n**2 - 9*n + 4. Let t be m(-9). Is 7/(-28) + 653/t a composite number?
False
Suppose z + 9*r - 13*r - 42585 = 0, -5*z = -3*r - 212942. Is z a composite number?
False
Let c(o) = 250*o**2 + 5*o + 4. Let f(u) = -250*u**2 - 4*u - 3. Let r(g) = -3*c(g) - 4*f(g). Let p(m) = -13*m - 51. Let s be p(-4). Is r(s) a prime number?
True
Suppose -14*v = -20*v + 1